{"id":518,"date":"2025-08-15T09:30:47","date_gmt":"2025-08-15T09:30:47","guid":{"rendered":"https:\/\/www.gv-crepi.be\/?post_type=referentie&#038;p=518"},"modified":"2025-08-15T09:32:17","modified_gmt":"2025-08-15T09:32:17","slug":"crepe-blanche-plate","status":"publish","type":"referentie","link":"https:\/\/www.gv-crepi.be\/fr\/referentie\/appartement-witte-crepi\/","title":{"rendered":"Appartement \u2013 Cr\u00e9pi blanc"},"content":{"rendered":"<p class=\"has-large-font-size\">Appartement avec cr\u00e9pi blanc r\u00e9alis\u00e9 par G&amp;V bv \u00e0 Forest.\u00a0<\/p>\n\n\n\n<p><\/p>","protected":false},"featured_media":519,"template":"","meta":{"_acf_changed":true},"kleur":[8],"werkwijze":[13],"class_list":["post-518","referentie","type-referentie","status-publish","has-post-thumbnail","hentry","kleur-wit","werkwijze-crepi"],"acf":[],"_links":{"self":[{"href":"https:\/\/www.gv-crepi.be\/fr\/wp-json\/wp\/v2\/referentie\/518","targetHints":{"allow":["GET"]}}],"collection":[{"href":"https:\/\/www.gv-crepi.be\/fr\/wp-json\/wp\/v2\/referentie"}],"about":[{"href":"https:\/\/www.gv-crepi.be\/fr\/wp-json\/wp\/v2\/types\/referentie"}],"wp:featuredmedia":[{"embeddable":true,"href":"https:\/\/www.gv-crepi.be\/fr\/wp-json\/wp\/v2\/media\/519"}],"wp:attachment":[{"href":"https:\/\/www.gv-crepi.be\/fr\/wp-json\/wp\/v2\/media?parent=518"}],"wp:term":[{"taxonomy":"kleur","embeddable":true,"href":"https:\/\/www.gv-crepi.be\/fr\/wp-json\/wp\/v2\/kleur?post=518"},{"taxonomy":"werkwijze","embeddable":true,"href":"https:\/\/www.gv-crepi.be\/fr\/wp-json\/wp\/v2\/werkwijze?post=518"}],"curies":[{"name":"wp","href":"https:\/\/api.w.org\/{rel}","templated":true}]}}

Appartement – Crépi blanc

<p class="has-large-font-size">Appartement avec crépi blanc réalisé par G&amp;V bv à Forest. </p>



<p></p>
